{"id":5993,"date":"2021-05-02T03:17:59","date_gmt":"2021-05-02T01:17:59","guid":{"rendered":"https:\/\/sl.ambaguinee.org\/?page_id=5993"},"modified":"2021-05-02T03:17:59","modified_gmt":"2021-05-02T01:17:59","slug":"ballet-africain","status":"publish","type":"page","link":"https:\/\/sl.ambaguinee.org\/?page_id=5993","title":{"rendered":"Ballet africain"},"content":{"rendered":"\n<p>Form\u00e9e en 1948 \u00e0 Paris (France) sous le nom d\u2019Ensemble Fod\u00e9ba-Facelli-Mouangu\u00e9 par le po\u00e8te, \u00e9crivain, homme politique, dramaturge, compositeur et chor\u00e9graphe guin\u00e9en Ke\u00efta Fod\u00e9ba (1921-1969), le chanteur camerounais Albert Mouangu\u00e9 et le guitariste, vocaliste et arrangeur guin\u00e9en Kant\u00e9 Facelli, la troupe prend le nom de Th\u00e9\u00e2tre Africain de Ke\u00efta Fod\u00e9ba en 1949, puis de Ballets Africains de Ke\u00efta Fod\u00e9ba en 1950, rebaptis\u00e9s Les Ballets Africains de la R\u00e9publique de Guin\u00e9e, \u00e0 l\u2019ind\u00e9pendance du pays en 1958.<\/p>\n\n\n\n<ul class=\"wp-block-list\"><li>DES BALLETS AFRICAINS DE KEITA FODEBA AUX BALLETS&nbsp;AFRICAINS DE LA REPUBLIQUE DE GUINEE<\/li><\/ul>\n\n\n\n<p>N\u00e9e avec la lutte des peuples africains pour l\u2019affirmation de leur identit\u00e9 culturelle \u00e0 la veille des ind\u00e9pendances, Les Ballets Africains de Ke\u00efta Fod\u00e9ba s\u2019illustrent d\u00e8s le d\u00e9but comme porte-parole de la culture et de l\u2019art africains \u00e0 travers le monde en pr\u00e9sentant son premier spectacle au Th\u00e9\u00e2tre de l\u2019Etoile des Champs-Elys\u00e9es \u00e0 Paris, en France, en novembre 1952. De 1948 \u00e0 1958, les Ballets Africains de Ke\u00efta Fod\u00e9ba participent largement \u00e0 la diffusion de la culture africaine en parcourant l\u2019Afrique et l\u2019Europe de l\u2019Ouest et de l\u2019Est (URSS).<\/p>\n\n\n\n<p>Avec l\u2019ind\u00e9pendance de la R\u00e9publique de Guin\u00e9e le 2 octobre 1958, Ke\u00efta Fod\u00e9ba rentre au pays et met la troupe \u00e0 la disposition de la jeune R\u00e9publique en sous le nom de Les Ballets Africains de la R\u00e9publique de Guin\u00e9e.<\/p>\n\n\n\n<p>Institution culturelle sous tutelle du Minist\u00e8re de la Culture, avec un statut de compagnie nationale de danse, de musique, de chor\u00e9graphie et de th\u00e9\u00e2tre, Les Ballets Africains ont accueilli des artistes de talent, dont l\u2019\u00e9poustouflant vocaliste Kouyat\u00e9 Sory Kandia surnomm\u00e9 \u201cla voix d\u2019or du Mand\u00e9\u201d, Bakary Sissoko (kora), etc. Ils sont la toute premi\u00e8re troupe de ce genre et offrent au monde entier l\u2019expression traditionnelle des valeurs culturelles, morales et intellectuelles de la soci\u00e9t\u00e9 africaine.<\/p>\n\n\n\n<p><\/p>\n\n\n\n<figure class=\"wp-block-gallery columns-3 is-cropped wp-block-gallery-1 is-layout-flex wp-block-gallery-is-layout-flex\"><ul class=\"blocks-gallery-grid\"><li class=\"blocks-gallery-item\"><figure><img fetchpriority=\"high\" decoding=\"async\" width=\"647\" height=\"334\" src=\"https:\/\/sl.ambaguinee.org\/wp-content\/uploads\/2021\/05\/Ballet-Africian-de-Guinee.jpg\" alt=\"\" data-id=\"5994\" data-full-url=\"https:\/\/sl.ambaguinee.org\/wp-content\/uploads\/2021\/05\/Ballet-Africian-de-Guinee.jpg\" data-link=\"https:\/\/sl.ambaguinee.org\/?attachment_id=5994\" class=\"wp-image-5994\" srcset=\"https:\/\/sl.ambaguinee.org\/wp-content\/uploads\/2021\/05\/Ballet-Africian-de-Guinee.jpg 647w, https:\/\/sl.ambaguinee.org\/wp-content\/uploads\/2021\/05\/Ballet-Africian-de-Guinee-300x155.jpg 300w\" sizes=\"(max-width: 647px) 100vw, 647px\" \/><\/figure><\/li><li class=\"blocks-gallery-item\"><figure><img decoding=\"async\" width=\"480\" height=\"360\" src=\"https:\/\/sl.ambaguinee.org\/wp-content\/uploads\/2021\/05\/Ballet-Africian-de-Guinee-3.jpg\" alt=\"\" data-id=\"5995\" data-full-url=\"https:\/\/sl.ambaguinee.org\/wp-content\/uploads\/2021\/05\/Ballet-Africian-de-Guinee-3.jpg\" data-link=\"https:\/\/sl.ambaguinee.org\/?attachment_id=5995\" class=\"wp-image-5995\" srcset=\"https:\/\/sl.ambaguinee.org\/wp-content\/uploads\/2021\/05\/Ballet-Africian-de-Guinee-3.jpg 480w, https:\/\/sl.ambaguinee.org\/wp-content\/uploads\/2021\/05\/Ballet-Africian-de-Guinee-3-300x225.jpg 300w\" sizes=\"(max-width: 480px) 100vw, 480px\" \/><\/figure><\/li><li class=\"blocks-gallery-item\"><figure><img decoding=\"async\" width=\"550\" height=\"382\" src=\"https:\/\/sl.ambaguinee.org\/wp-content\/uploads\/2021\/05\/Ballet-Africian-de-Guinee-4.jpg\" alt=\"\" data-id=\"5996\" data-full-url=\"https:\/\/sl.ambaguinee.org\/wp-content\/uploads\/2021\/05\/Ballet-Africian-de-Guinee-4.jpg\" data-link=\"https:\/\/sl.ambaguinee.org\/?attachment_id=5996\" class=\"wp-image-5996\" srcset=\"https:\/\/sl.ambaguinee.org\/wp-content\/uploads\/2021\/05\/Ballet-Africian-de-Guinee-4.jpg 550w, https:\/\/sl.ambaguinee.org\/wp-content\/uploads\/2021\/05\/Ballet-Africian-de-Guinee-4-300x208.jpg 300w\" sizes=\"(max-width: 550px) 100vw, 550px\" \/><\/figure><\/li><li class=\"blocks-gallery-item\"><figure><img loading=\"lazy\" decoding=\"async\" width=\"350\" height=\"350\" src=\"https:\/\/sl.ambaguinee.org\/wp-content\/uploads\/2021\/05\/Ballet-Africian-de-Guinee-5.jpg\" alt=\"\" data-id=\"5997\" data-full-url=\"https:\/\/sl.ambaguinee.org\/wp-content\/uploads\/2021\/05\/Ballet-Africian-de-Guinee-5.jpg\" data-link=\"https:\/\/sl.ambaguinee.org\/?attachment_id=5997\" class=\"wp-image-5997\" srcset=\"https:\/\/sl.ambaguinee.org\/wp-content\/uploads\/2021\/05\/Ballet-Africian-de-Guinee-5.jpg 350w, https:\/\/sl.ambaguinee.org\/wp-content\/uploads\/2021\/05\/Ballet-Africian-de-Guinee-5-300x300.jpg 300w, https:\/\/sl.ambaguinee.org\/wp-content\/uploads\/2021\/05\/Ballet-Africian-de-Guinee-5-150x150.jpg 150w, https:\/\/sl.ambaguinee.org\/wp-content\/uploads\/2021\/05\/Ballet-Africian-de-Guinee-5-60x60.jpg 60w\" sizes=\"(max-width: 350px) 100vw, 350px\" \/><\/figure><\/li><li class=\"blocks-gallery-item\"><figure><img loading=\"lazy\" decoding=\"async\" width=\"1024\" height=\"714\" src=\"https:\/\/sl.ambaguinee.org\/wp-content\/uploads\/2021\/05\/Ballet-Africian-de-Guinee-6-1024x714.jpg\" alt=\"\" data-id=\"5998\" data-full-url=\"https:\/\/sl.ambaguinee.org\/wp-content\/uploads\/2021\/05\/Ballet-Africian-de-Guinee-6.jpg\" data-link=\"https:\/\/sl.ambaguinee.org\/?attachment_id=5998\" class=\"wp-image-5998\" srcset=\"https:\/\/sl.ambaguinee.org\/wp-content\/uploads\/2021\/05\/Ballet-Africian-de-Guinee-6-1024x714.jpg 1024w, https:\/\/sl.ambaguinee.org\/wp-content\/uploads\/2021\/05\/Ballet-Africian-de-Guinee-6-300x209.jpg 300w, https:\/\/sl.ambaguinee.org\/wp-content\/uploads\/2021\/05\/Ballet-Africian-de-Guinee-6-768x535.jpg 768w, https:\/\/sl.ambaguinee.org\/wp-content\/uploads\/2021\/05\/Ballet-Africian-de-Guinee-6-1536x1071.jpg 1536w, https:\/\/sl.ambaguinee.org\/wp-content\/uploads\/2021\/05\/Ballet-Africian-de-Guinee-6.jpg 2000w\" sizes=\"(max-width: 1024px) 100vw, 1024px\" \/><\/figure><\/li><li class=\"blocks-gallery-item\"><figure><img loading=\"lazy\" decoding=\"async\" width=\"550\" height=\"300\" src=\"https:\/\/sl.ambaguinee.org\/wp-content\/uploads\/2021\/05\/Ballet-Africian-de-Guinee-7.jpg\" alt=\"\" data-id=\"5999\" data-full-url=\"https:\/\/sl.ambaguinee.org\/wp-content\/uploads\/2021\/05\/Ballet-Africian-de-Guinee-7.jpg\" data-link=\"https:\/\/sl.ambaguinee.org\/?attachment_id=5999\" class=\"wp-image-5999\" srcset=\"https:\/\/sl.ambaguinee.org\/wp-content\/uploads\/2021\/05\/Ballet-Africian-de-Guinee-7.jpg 550w, https:\/\/sl.ambaguinee.org\/wp-content\/uploads\/2021\/05\/Ballet-Africian-de-Guinee-7-300x164.jpg 300w\" sizes=\"(max-width: 550px) 100vw, 550px\" \/><\/figure><\/li><\/ul><\/figure>\n","protected":false},"excerpt":{"rendered":"<p>Form\u00e9e en 1948 \u00e0 Paris (France) sous le nom d\u2019Ensemble Fod\u00e9ba-Facelli-Mouangu\u00e9 par le po\u00e8te, \u00e9crivain, homme politique, dramaturge, compositeur et chor\u00e9graphe guin\u00e9en Ke\u00efta Fod\u00e9ba (1921-1969), le chanteur camerounais Albert Mouangu\u00e9 et le guitariste, vocaliste et arrangeur guin\u00e9en Kant\u00e9 Facelli, la troupe prend le nom de Th\u00e9\u00e2tre Africain de Ke\u00efta Fod\u00e9ba en 1949, puis de Ballets &hellip;<\/p>\n","protected":false},"author":1,"featured_media":0,"parent":0,"menu_order":0,"comment_status":"closed","ping_status":"closed","template":"","meta":{"footnotes":""},"class_list":["post-5993","page","type-page","status-publish","hentry"],"yoast_head":"<!-- This site is optimized with the Yoast SEO plugin v21.0 - https:\/\/yoast.com\/wordpress\/plugins\/seo\/ -->\n<title>Ballet africain - Ambassade de Guin\u00e9e en Sierra L\u00e9one<\/title>\n<meta name=\"robots\" content=\"index, follow, max-snippet:-1, max-image-preview:large, max-video-preview:-1\" \/>\n<link rel=\"canonical\" href=\"https:\/\/sl.ambaguinee.org\/?page_id=5993\" \/>\n<meta property=\"og:locale\" content=\"fr_FR\" \/>\n<meta property=\"og:type\" content=\"article\" \/>\n<meta property=\"og:title\" content=\"Ballet africain - Ambassade de Guin\u00e9e en Sierra L\u00e9one\" \/>\n<meta property=\"og:description\" content=\"Form\u00e9e en 1948 \u00e0 Paris (France) sous le nom d\u2019Ensemble Fod\u00e9ba-Facelli-Mouangu\u00e9 par le po\u00e8te, \u00e9crivain, homme politique, dramaturge, compositeur et chor\u00e9graphe guin\u00e9en Ke\u00efta Fod\u00e9ba (1921-1969), le chanteur camerounais Albert Mouangu\u00e9 et le guitariste, vocaliste et arrangeur guin\u00e9en Kant\u00e9 Facelli, la troupe prend le nom de Th\u00e9\u00e2tre Africain de Ke\u00efta Fod\u00e9ba en 1949, puis de Ballets &hellip;\" \/>\n<meta property=\"og:url\" content=\"https:\/\/sl.ambaguinee.org\/?page_id=5993\" \/>\n<meta property=\"og:site_name\" content=\"Ambassade de Guin\u00e9e en Sierra L\u00e9one\" \/>\n<meta property=\"article:publisher\" content=\"https:\/\/www.facebook.com\/ambaguiparis\" \/>\n<meta property=\"og:image\" content=\"https:\/\/sl.ambaguinee.org\/wp-content\/uploads\/2021\/05\/Ballet-Africian-de-Guinee.jpg\" \/>\n<meta name=\"twitter:card\" content=\"summary_large_image\" \/>\n<meta name=\"twitter:site\" content=\"@AmbaGnFrPtIl\" \/>\n<meta name=\"twitter:label1\" content=\"Dur\u00e9e de lecture estim\u00e9e\" \/>\n\t<meta name=\"twitter:data1\" content=\"2 minutes\" \/>\n<script type=\"application\/ld+json\" class=\"yoast-schema-graph\">{\"@context\":\"https:\/\/schema.org\",\"@graph\":[{\"@type\":\"WebPage\",\"@id\":\"https:\/\/sl.ambaguinee.org\/?page_id=5993\",\"url\":\"https:\/\/sl.ambaguinee.org\/?page_id=5993\",\"name\":\"Ballet africain - Ambassade de Guin\u00e9e en Sierra L\u00e9one\",\"isPartOf\":{\"@id\":\"https:\/\/sl.ambaguinee.org\/#website\"},\"datePublished\":\"2021-05-02T01:17:59+00:00\",\"dateModified\":\"2021-05-02T01:17:59+00:00\",\"breadcrumb\":{\"@id\":\"https:\/\/sl.ambaguinee.org\/?page_id=5993#breadcrumb\"},\"inLanguage\":\"fr-FR\",\"potentialAction\":[{\"@type\":\"ReadAction\",\"target\":[\"https:\/\/sl.ambaguinee.org\/?page_id=5993\"]}]},{\"@type\":\"BreadcrumbList\",\"@id\":\"https:\/\/sl.ambaguinee.org\/?page_id=5993#breadcrumb\",\"itemListElement\":[{\"@type\":\"ListItem\",\"position\":1,\"name\":\"Accueil\",\"item\":\"https:\/\/sl.ambaguinee.org\/\"},{\"@type\":\"ListItem\",\"position\":2,\"name\":\"Ballet africain\"}]},{\"@type\":\"WebSite\",\"@id\":\"https:\/\/sl.ambaguinee.org\/#website\",\"url\":\"https:\/\/sl.ambaguinee.org\/\",\"name\":\"Ambassade de Guin\u00e9e en Sierra L\u00e9one\",\"description\":\"Ambassade de Guin\u00e9e en Sierra L\u00e9one\",\"publisher\":{\"@id\":\"https:\/\/sl.ambaguinee.org\/#organization\"},\"potentialAction\":[{\"@type\":\"SearchAction\",\"target\":{\"@type\":\"EntryPoint\",\"urlTemplate\":\"https:\/\/sl.ambaguinee.org\/?s={search_term_string}\"},\"query-input\":\"required name=search_term_string\"}],\"inLanguage\":\"fr-FR\"},{\"@type\":\"Organization\",\"@id\":\"https:\/\/sl.ambaguinee.org\/#organization\",\"name\":\"Ambassade de la R\u00e9publique Guin\u00e9e en France\",\"url\":\"https:\/\/sl.ambaguinee.org\/\",\"logo\":{\"@type\":\"ImageObject\",\"inLanguage\":\"fr-FR\",\"@id\":\"https:\/\/sl.ambaguinee.org\/#\/schema\/logo\/image\/\",\"url\":\"https:\/\/sl.ambaguinee.org\/wp-content\/uploads\/2024\/06\/Logo-devise-Guinee-miniature.png\",\"contentUrl\":\"https:\/\/sl.ambaguinee.org\/wp-content\/uploads\/2024\/06\/Logo-devise-Guinee-miniature.png\",\"width\":170,\"height\":200,\"caption\":\"Ambassade de la R\u00e9publique Guin\u00e9e en France\"},\"image\":{\"@id\":\"https:\/\/sl.ambaguinee.org\/#\/schema\/logo\/image\/\"},\"sameAs\":[\"https:\/\/www.facebook.com\/ambaguiparis\",\"https:\/\/twitter.com\/AmbaGnFrPtIl\"]}]}<\/script>\n<!-- \/ Yoast SEO plugin. -->","yoast_head_json":{"title":"Ballet africain - Ambassade de Guin\u00e9e en Sierra L\u00e9one","robots":{"index":"index","follow":"follow","max-snippet":"max-snippet:-1","max-image-preview":"max-image-preview:large","max-video-preview":"max-video-preview:-1"},"canonical":"https:\/\/sl.ambaguinee.org\/?page_id=5993","og_locale":"fr_FR","og_type":"article","og_title":"Ballet africain - Ambassade de Guin\u00e9e en Sierra L\u00e9one","og_description":"Form\u00e9e en 1948 \u00e0 Paris (France) sous le nom d\u2019Ensemble Fod\u00e9ba-Facelli-Mouangu\u00e9 par le po\u00e8te, \u00e9crivain, homme politique, dramaturge, compositeur et chor\u00e9graphe guin\u00e9en Ke\u00efta Fod\u00e9ba (1921-1969), le chanteur camerounais Albert Mouangu\u00e9 et le guitariste, vocaliste et arrangeur guin\u00e9en Kant\u00e9 Facelli, la troupe prend le nom de Th\u00e9\u00e2tre Africain de Ke\u00efta Fod\u00e9ba en 1949, puis de Ballets &hellip;","og_url":"https:\/\/sl.ambaguinee.org\/?page_id=5993","og_site_name":"Ambassade de Guin\u00e9e en Sierra L\u00e9one","article_publisher":"https:\/\/www.facebook.com\/ambaguiparis","og_image":[{"url":"https:\/\/sl.ambaguinee.org\/wp-content\/uploads\/2021\/05\/Ballet-Africian-de-Guinee.jpg"}],"twitter_card":"summary_large_image","twitter_site":"@AmbaGnFrPtIl","twitter_misc":{"Dur\u00e9e de lecture estim\u00e9e":"2 minutes"},"schema":{"@context":"https:\/\/schema.org","@graph":[{"@type":"WebPage","@id":"https:\/\/sl.ambaguinee.org\/?page_id=5993","url":"https:\/\/sl.ambaguinee.org\/?page_id=5993","name":"Ballet africain - Ambassade de Guin\u00e9e en Sierra L\u00e9one","isPartOf":{"@id":"https:\/\/sl.ambaguinee.org\/#website"},"datePublished":"2021-05-02T01:17:59+00:00","dateModified":"2021-05-02T01:17:59+00:00","breadcrumb":{"@id":"https:\/\/sl.ambaguinee.org\/?page_id=5993#breadcrumb"},"inLanguage":"fr-FR","potentialAction":[{"@type":"ReadAction","target":["https:\/\/sl.ambaguinee.org\/?page_id=5993"]}]},{"@type":"BreadcrumbList","@id":"https:\/\/sl.ambaguinee.org\/?page_id=5993#breadcrumb","itemListElement":[{"@type":"ListItem","position":1,"name":"Accueil","item":"https:\/\/sl.ambaguinee.org\/"},{"@type":"ListItem","position":2,"name":"Ballet africain"}]},{"@type":"WebSite","@id":"https:\/\/sl.ambaguinee.org\/#website","url":"https:\/\/sl.ambaguinee.org\/","name":"Ambassade de Guin\u00e9e en Sierra L\u00e9one","description":"Ambassade de Guin\u00e9e en Sierra L\u00e9one","publisher":{"@id":"https:\/\/sl.ambaguinee.org\/#organization"},"potentialAction":[{"@type":"SearchAction","target":{"@type":"EntryPoint","urlTemplate":"https:\/\/sl.ambaguinee.org\/?s={search_term_string}"},"query-input":"required name=search_term_string"}],"inLanguage":"fr-FR"},{"@type":"Organization","@id":"https:\/\/sl.ambaguinee.org\/#organization","name":"Ambassade de la R\u00e9publique Guin\u00e9e en France","url":"https:\/\/sl.ambaguinee.org\/","logo":{"@type":"ImageObject","inLanguage":"fr-FR","@id":"https:\/\/sl.ambaguinee.org\/#\/schema\/logo\/image\/","url":"https:\/\/sl.ambaguinee.org\/wp-content\/uploads\/2024\/06\/Logo-devise-Guinee-miniature.png","contentUrl":"https:\/\/sl.ambaguinee.org\/wp-content\/uploads\/2024\/06\/Logo-devise-Guinee-miniature.png","width":170,"height":200,"caption":"Ambassade de la R\u00e9publique Guin\u00e9e en France"},"image":{"@id":"https:\/\/sl.ambaguinee.org\/#\/schema\/logo\/image\/"},"sameAs":["https:\/\/www.facebook.com\/ambaguiparis","https:\/\/twitter.com\/AmbaGnFrPtIl"]}]}},"_links":{"self":[{"href":"https:\/\/sl.ambaguinee.org\/index.php?rest_route=\/wp\/v2\/pages\/5993","targetHints":{"allow":["GET"]}}],"collection":[{"href":"https:\/\/sl.ambaguinee.org\/index.php?rest_route=\/wp\/v2\/pages"}],"about":[{"href":"https:\/\/sl.ambaguinee.org\/index.php?rest_route=\/wp\/v2\/types\/page"}],"author":[{"embeddable":true,"href":"https:\/\/sl.ambaguinee.org\/index.php?rest_route=\/wp\/v2\/users\/1"}],"replies":[{"embeddable":true,"href":"https:\/\/sl.ambaguinee.org\/index.php?rest_route=%2Fwp%2Fv2%2Fcomments&post=5993"}],"version-history":[{"count":1,"href":"https:\/\/sl.ambaguinee.org\/index.php?rest_route=\/wp\/v2\/pages\/5993\/revisions"}],"predecessor-version":[{"id":6000,"href":"https:\/\/sl.ambaguinee.org\/index.php?rest_route=\/wp\/v2\/pages\/5993\/revisions\/6000"}],"wp:attachment":[{"href":"https:\/\/sl.ambaguinee.org\/index.php?rest_route=%2Fwp%2Fv2%2Fmedia&parent=5993"}],"curies":[{"name":"wp","href":"https:\/\/api.w.org\/{rel}","templated":true}]}}