{"id":5906,"date":"2021-05-01T23:22:28","date_gmt":"2021-05-01T21:22:28","guid":{"rendered":"https:\/\/sl.ambaguinee.org\/?page_id=5906"},"modified":"2024-02-10T18:26:29","modified_gmt":"2024-02-10T17:26:29","slug":"la-presidence-de-la-republique-de-guinee","status":"publish","type":"page","link":"https:\/\/sl.ambaguinee.org\/?page_id=5906","title":{"rendered":"LA PR\u00c9SIDENCE DE LA R\u00c9PUBLIQUE DE GUIN\u00c9E"},"content":{"rendered":"\t\t<div data-elementor-type=\"wp-page\" data-elementor-id=\"5906\" class=\"elementor elementor-5906\" data-elementor-post-type=\"page\">\n\t\t\t\t\t\t<section class=\"elementor-section elementor-top-section elementor-element elementor-element-93925ff elementor-section-boxed elementor-section-height-default elementor-section-height-default\" data-id=\"93925ff\" data-element_type=\"section\">\n\t\t\t\t\t\t<div class=\"elementor-container elementor-column-gap-default\">\n\t\t\t\t\t<div class=\"elementor-column elementor-col-100 elementor-top-column elementor-element elementor-element-6f9b1e9\" data-id=\"6f9b1e9\" data-element_type=\"column\">\n\t\t\t<div class=\"elementor-widget-wrap elementor-element-populated\">\n\t\t\t\t\t\t<div class=\"elementor-element elementor-element-e42ec8f elementor-widget elementor-widget-image\" data-id=\"e42ec8f\" data-element_type=\"widget\" data-widget_type=\"image.default\">\n\t\t\t\t<div class=\"elementor-widget-container\">\n\t\t\t\t\t\t\t\t\t\t\t\t\t<img fetchpriority=\"high\" decoding=\"async\" width=\"470\" height=\"242\" src=\"https:\/\/sl.ambaguinee.org\/wp-content\/uploads\/2021\/05\/Palais.jpg\" class=\"attachment-large size-large wp-image-5908\" alt=\"\" srcset=\"https:\/\/sl.ambaguinee.org\/wp-content\/uploads\/2021\/05\/Palais.jpg 470w, https:\/\/sl.ambaguinee.org\/wp-content\/uploads\/2021\/05\/Palais-300x154.jpg 300w\" sizes=\"(max-width: 470px) 100vw, 470px\" \/>\t\t\t\t\t\t\t\t\t\t\t\t\t<\/div>\n\t\t\t\t<\/div>\n\t\t\t\t<div class=\"elementor-element elementor-element-e3b8c23 elementor-tabs-view-horizontal elementor-widget elementor-widget-tabs\" data-id=\"e3b8c23\" data-element_type=\"widget\" data-widget_type=\"tabs.default\">\n\t\t\t\t<div class=\"elementor-widget-container\">\n\t\t\t\t\t<div class=\"elementor-tabs\">\n\t\t\t<div class=\"elementor-tabs-wrapper\" role=\"tablist\" >\n\t\t\t\t\t\t\t\t\t<div id=\"elementor-tab-title-2381\" class=\"elementor-tab-title elementor-tab-desktop-title\" aria-selected=\"true\" data-tab=\"1\" role=\"tab\" tabindex=\"0\" aria-controls=\"elementor-tab-content-2381\" aria-expanded=\"false\">Le Pr\u00e9sident de la R\u00e9publique<\/div>\n\t\t\t\t\t\t\t\t\t<div id=\"elementor-tab-title-2382\" class=\"elementor-tab-title elementor-tab-desktop-title\" aria-selected=\"false\" data-tab=\"2\" role=\"tab\" tabindex=\"-1\" aria-controls=\"elementor-tab-content-2382\" aria-expanded=\"false\">Le cabinet de la Pr\u00e9sidence<\/div>\n\t\t\t\t\t\t\t\t\t<div id=\"elementor-tab-title-2383\" class=\"elementor-tab-title elementor-tab-desktop-title\" aria-selected=\"false\" data-tab=\"3\" role=\"tab\" tabindex=\"-1\" aria-controls=\"elementor-tab-content-2383\" aria-expanded=\"false\">Le fonctionnement de la Pr\u00e9sidence<\/div>\n\t\t\t\t\t\t\t<\/div>\n\t\t\t<div class=\"elementor-tabs-content-wrapper\" role=\"tablist\" aria-orientation=\"vertical\">\n\t\t\t\t\t\t\t\t\t<div class=\"elementor-tab-title elementor-tab-mobile-title\" aria-selected=\"true\" data-tab=\"1\" role=\"tab\" tabindex=\"0\" aria-controls=\"elementor-tab-content-2381\" aria-expanded=\"false\">Le Pr\u00e9sident de la R\u00e9publique<\/div>\n\t\t\t\t\t<div id=\"elementor-tab-content-2381\" class=\"elementor-tab-content elementor-clearfix\" data-tab=\"1\" role=\"tabpanel\" aria-labelledby=\"elementor-tab-title-2381\" tabindex=\"0\" hidden=\"false\"><p class=\"MsoNormal\" style=\"margin: 0cm; font-size: 12pt; font-family: Calibri, sans-serif; color: rgb(0, 0, 0); background-image: initial; background-position: initial; background-size: initial; background-repeat: initial; background-attachment: initial; background-origin: initial; background-clip: initial;\"><span style=\"font-size: 24pt; font-family: Arial, sans-serif; color: rgb(223, 161, 13);\">Biographie du Pr\u00e9sident de la R\u00e9publique<o:p><\/o:p><\/span><\/p><p class=\"MsoNormal\" style=\"margin: 0cm; font-size: 12pt; font-family: Calibri, sans-serif; color: rgb(0, 0, 0); background-image: initial; background-position: initial; background-size: initial; background-repeat: initial; background-attachment: initial; background-origin: initial; background-clip: initial;\"><span style=\"font-size: 28pt; font-family: Arial, sans-serif; color: rgb(223, 161, 13);\">&nbsp;<\/span><\/p><p class=\"MsoNormal\" style=\"margin: 0cm; font-size: 12pt; font-family: Calibri, sans-serif; color: rgb(0, 0, 0); background-image: initial; background-position: initial; background-size: initial; background-repeat: initial; background-attachment: initial; background-origin: initial; background-clip: initial;\"><span style=\"font-size: 20pt; font-family: Arial, sans-serif; color: rgb(68, 68, 68);\">G\u00e9n\u00e9ral de Corps d&#8217;Arm\u00e9e Mamadi DOUMBOUYA<o:p><\/o:p><\/span><\/p><p class=\"MsoNormal\" style=\"margin: 0cm; font-size: 12pt; font-family: Calibri, sans-serif; color: rgb(0, 0, 0); background-image: initial; background-position: initial; background-size: initial; background-repeat: initial; background-attachment: initial; background-origin: initial; background-clip: initial;\"><span style=\"font-size: 25pt; font-family: Arial, sans-serif; color: rgb(68, 68, 68);\">&nbsp;<\/span><\/p><p class=\"MsoNormal\" style=\"margin: 0cm; font-size: 12pt; font-family: Calibri, sans-serif; color: rgb(0, 0, 0);\"><span style=\"font-family: &quot;Times New Roman&quot;, serif;\">Le G\u00e9n\u00e9ral Mamadi Doumbouya est n\u00e9 \u00e0 Kankan o\u00f9 il fait ses \u00e9tudes primaires (\u00e0 l\u2019\u00e9cole Drame Oumar).<o:p><\/o:p><\/span><\/p><p class=\"MsoNormal\" style=\"margin: 0cm; font-size: 12pt; font-family: Calibri, sans-serif; color: rgb(0, 0, 0);\"><span style=\"font-family: &quot;Times New Roman&quot;, serif;\"><br>Stagiaire guin\u00e9en de l\u2019\u00c9cole de guerre en France, il est titulaire d\u2019un brevet fran\u00e7ais d\u2019\u00e9tudes sup\u00e9rieures militaires et d\u2019un master de d\u00e9fense \u00e0 l\u2019universit\u00e9 parisienne Panth\u00e9on-Assas. Il est \u00e9galement titulaire d\u2019un dipl\u00f4me de Saumur dans le cadre de la coop\u00e9ration entre la France et les \u00c9tats africains partenaires pour la formation des grad\u00e9s.<o:p><\/o:p><\/span><\/p><p class=\"MsoNormal\" style=\"margin: 0cm; font-size: 12pt; font-family: Calibri, sans-serif; color: rgb(0, 0, 0);\"><span style=\"font-family: &quot;Times New Roman&quot;, serif;\"><br>Il suit des formations militaires au S\u00e9n\u00e9gal, au Gabon et en Isra\u00ebl, et participe \u00e0 des missions et op\u00e9rations \u00e0 l\u2019\u00c9cole de guerre en France, en Afghanistan, en C\u00f4te d\u2019Ivoire, \u00e0 Djibouti, en Centrafrique, en Israel, \u00e0 Chypre et au Royaume-Uni.<o:p><\/o:p><\/span><\/p><p class=\"MsoNormal\" style=\"margin: 0cm; font-size: 12pt; font-family: Calibri, sans-serif; color: rgb(0, 0, 0);\"><span style=\"font-family: &quot;Times New Roman&quot;, serif;\"><br>L\u00e9gionnaire de l\u2019arm\u00e9e fran\u00e7aise, il termine son contrat en 2009 au grade de caporal.<br>Le G\u00e9n\u00e9ral Mamadi Doumbouya retourne au bercail en 2011. Il est aussit\u00f4t affect\u00e9 au Centre d\u2019instruction d\u2019infanterie du Camp Kwam\u00e9 Krumah au Km36, comme Instructeur, puis Directeur des \u00e9tudes. Durant son passage, il a form\u00e9 pr\u00e8s de 4000 militaires de rang et sous-officiers. Ensuite, apr\u00e8s avoir suivi beaucoup de formations de Commandants d\u2019unit\u00e9 au S\u00e9n\u00e9gal, il a \u00e9t\u00e9 affect\u00e9 au Centre d\u2019instruction d\u2019infanterie de Kindia.<o:p><\/o:p><\/span><\/p><p class=\"MsoNormal\" style=\"margin: 0cm; font-size: 12pt; font-family: Calibri, sans-serif; color: rgb(0, 0, 0);\"><span style=\"font-family: &quot;Times New Roman&quot;, serif;\"><br>En 2018, le jeune Mamadi Doumbouya est promu Commandant des forces sp\u00e9ciales. Une unit\u00e9 d\u2019\u00e9lite qu\u2019il a fa\u00e7onn\u00e9e, en recrutant et en formant, avec une rigueur d\u2019asc\u00e8se, plusieurs centaines de jeunes. C\u2019est l\u00e0 que commence la phase de mont\u00e9e en puissance de cette unit\u00e9 bas\u00e9e \u00e0 Kalako, dans la pr\u00e9fecture de For\u00e9cariah. En f\u00e9vrier 2019, il est l\u2019un des participants \u00e0 une formation militaire Flintlock pour l\u2019\u00e9lite militaire africaine.<o:p><\/o:p><\/span><\/p><p class=\"MsoNormal\" style=\"margin: 0cm; font-size: 12pt; font-family: Calibri, sans-serif; color: rgb(0, 0, 0);\"><span style=\"font-family: &quot;Times New Roman&quot;, serif;\"><br>Comme Assimi Go\u00efta pour le Mali, le lieutenant-colonel Doumbouya repr\u00e9sente son pays \u00e0 Ouagadougou lors d\u2019exercices militaires organis\u00e9s par l\u2019arm\u00e9e am\u00e9ricaine.<br>Il devient Lieutenant-colonel en 2019 et colonel en 2020.<o:p><\/o:p><\/span><\/p><p class=\"MsoNormal\" style=\"margin: 0cm; font-size: 12pt; font-family: Calibri, sans-serif; color: rgb(0, 0, 0);\"><span style=\"font-family: &quot;Times New Roman&quot;, serif;\"><br>Et depuis le 5 septembre 2021, il est le Pr\u00e9sident du Comit\u00e9 national pour le rassemblement et le d\u00e9veloppement (CNRD), Chef de l\u2019Etat, Chef Supr\u00eame des Arm\u00e9es guin\u00e9ennes<o:p><\/o:p><\/span><\/p><\/div>\n\t\t\t\t\t\t\t\t\t<div class=\"elementor-tab-title elementor-tab-mobile-title\" aria-selected=\"false\" data-tab=\"2\" role=\"tab\" tabindex=\"-1\" aria-controls=\"elementor-tab-content-2382\" aria-expanded=\"false\">Le cabinet de la Pr\u00e9sidence<\/div>\n\t\t\t\t\t<div id=\"elementor-tab-content-2382\" class=\"elementor-tab-content elementor-clearfix\" data-tab=\"2\" role=\"tabpanel\" aria-labelledby=\"elementor-tab-title-2382\" tabindex=\"0\" hidden=\"hidden\">La Pr\u00e9sidence de la R\u00e9publique de Guin\u00e9e a \u00e9t\u00e9 r\u00e9organis\u00e9e par le d\u00e9cret no 050 du 28 f\u00e9vrier 2011. Selon ce d\u00e9cret, la Pr\u00e9sidence de la R\u00e9publique comprend l\u2019ensemble des services destin\u00e9s \u00e0 permettre au chef d\u2019\u00c9tat d\u2019assumer ses missions constitutionnelles : concevoir et orienter la politique g\u00e9n\u00e9rale de la nation, impulser et contr\u00f4ler l\u2019action gouvernementale, assurer le fonctionnement r\u00e9gulier des pouvoirs publics et la continuit\u00e9 de l\u2019\u00c9tat.\nLa Pr\u00e9sidence de la R\u00e9publique comprend :\n\nLe Cabinet Civil\nLe Secr\u00e9tariat g\u00e9n\u00e9ral de la Pr\u00e9sidence\nL\u2019\u00c9tat-major particulier du Pr\u00e9sident de la R\u00e9publique\nLes organismes sp\u00e9cialis\u00e9s<\/div>\n\t\t\t\t\t\t\t\t\t<div class=\"elementor-tab-title elementor-tab-mobile-title\" aria-selected=\"false\" data-tab=\"3\" role=\"tab\" tabindex=\"-1\" aria-controls=\"elementor-tab-content-2383\" aria-expanded=\"false\">Le fonctionnement de la Pr\u00e9sidence<\/div>\n\t\t\t\t\t<div id=\"elementor-tab-content-2383\" class=\"elementor-tab-content elementor-clearfix\" data-tab=\"3\" role=\"tabpanel\" aria-labelledby=\"elementor-tab-title-2383\" tabindex=\"0\" hidden=\"hidden\">Le Cabinet Civil du Pr\u00e9sident de la R\u00e9publique : a pour mission de g\u00e9rer l\u2019agenda du Pr\u00e9sident de la R\u00e9publique, de superviser l\u2019organisation mat\u00e9rielle des d\u00e9placements du Pr\u00e9sident, d\u2019assurer le suivi des relations du Pr\u00e9sident avec les formations politiques, la soci\u00e9t\u00e9 civile et les confessions religieuses.\n\nLe Secr\u00e9tariat g\u00e9n\u00e9ral de la Pr\u00e9sidence : a pour mission d\u2019assister le Pr\u00e9sident de la R\u00e9publique dans la formulation des choix strat\u00e9giques du pays, de pr\u00e9parer les d\u00e9cisions du Pr\u00e9sident par la mise \u00e0 disposition d\u2019une information r\u00e9guli\u00e8re et compl\u00e8te sur l\u2019action du gouvernement et sur la situation du pays, de v\u00e9rifier la r\u00e9gularit\u00e9 juridique des actes soumis \u00e0 la signature du Pr\u00e9sident, d\u2019assurer la pr\u00e9paration des correspondances du Pr\u00e9sident, et de veiller \u00e0 l\u2019application de ses d\u00e9cisions.\n\nL\u2019\u00c9tat-major particulier du Pr\u00e9sident de la R\u00e9publique: dirig\u00e9 par un chef d\u2019\u00e9tat-major. Il a pour mission de pr\u00e9parer, en relation avec le directeur de cabinet et le Secr\u00e9taire g\u00e9n\u00e9ral de la Pr\u00e9sidence, les d\u00e9cisions du Pr\u00e9sident en mati\u00e8re de d\u00e9fense et les r\u00e9unions du conseil sup\u00e9rieur de la d\u00e9fense nationale, d\u2019assister le Pr\u00e9sident de la R\u00e9publique dans ses relations avec les \u00e9tats -majors et les services des diff\u00e9rentes arm\u00e9es \u00e0 travers le Minist\u00e8re de la D\u00e9fense nationale, de participer \u00e0 l\u2019organisation des honneurs militaires \u00e0 rendre au Pr\u00e9sident de la R\u00e9publique et aux chefs d\u2019\u00c9tats \u00e9trangers lors des c\u00e9r\u00e9monies officielles.\n\nLes organismes sp\u00e9cialis\u00e9s: directement rattach\u00e9s au Pr\u00e9sident sont :\n\n\u2013 La Chancellerie des ordres nationaux,\n\n\u2013 La Banque Centrale,\n\n\u2013 L\u2019Agent Judiciaire de l\u2019\u00c9tat,\n\n\u2013 Le Secr\u00e9tariat du Conseil Sup\u00e9rieur de la Magistrature,\n\n\u2013 La Direction du Patrimoine b\u00e2ti public,\n\n\u2013 L\u2019administration et le contr\u00f4le des grands projets.<\/div>\n\t\t\t\t\t\t\t<\/div>\n\t\t<\/div>\n\t\t\t\t<\/div>\n\t\t\t\t<\/div>\n\t\t\t\t\t<\/div>\n\t\t<\/div>\n\t\t\t\t\t<\/div>\n\t\t<\/section>\n\t\t\t\t<\/div>\n\t\t","protected":false},"excerpt":{"rendered":"<p>Le Pr\u00e9sident de la R\u00e9publique Le cabinet de la Pr\u00e9sidence Le fonctionnement de la Pr\u00e9sidence Le Pr\u00e9sident de la R\u00e9publique Biographie du Pr\u00e9sident de la R\u00e9publique &nbsp; G\u00e9n\u00e9ral de Corps d&#8217;Arm\u00e9e Mamadi DOUMBOUYA &nbsp; Le G\u00e9n\u00e9ral Mamadi Doumbouya est n\u00e9 \u00e0 Kankan o\u00f9 il fait ses \u00e9tudes primaires (\u00e0 l\u2019\u00e9cole Drame Oumar). Stagiaire guin\u00e9en de &hellip;<\/p>\n","protected":false},"author":1,"featured_media":0,"parent":0,"menu_order":0,"comment_status":"closed","ping_status":"closed","template":"","meta":{"footnotes":""},"class_list":["post-5906","page","type-page","status-publish","hentry"],"yoast_head":"<!-- This site is optimized with the Yoast SEO plugin v21.0 - https:\/\/yoast.com\/wordpress\/plugins\/seo\/ -->\n<title>LA PR\u00c9SIDENCE DE LA R\u00c9PUBLIQUE DE GUIN\u00c9E - Ambassade de Guin\u00e9e en Sierra L\u00e9one<\/title>\n<meta name=\"robots\" content=\"index, follow, max-snippet:-1, max-image-preview:large, max-video-preview:-1\" \/>\n<link rel=\"canonical\" href=\"https:\/\/sl.ambaguinee.org\/?page_id=5906\" \/>\n<meta property=\"og:locale\" content=\"fr_FR\" \/>\n<meta property=\"og:type\" content=\"article\" \/>\n<meta property=\"og:title\" content=\"LA PR\u00c9SIDENCE DE LA R\u00c9PUBLIQUE DE GUIN\u00c9E - Ambassade de Guin\u00e9e en Sierra L\u00e9one\" \/>\n<meta property=\"og:description\" content=\"Le Pr\u00e9sident de la R\u00e9publique Le cabinet de la Pr\u00e9sidence Le fonctionnement de la Pr\u00e9sidence Le Pr\u00e9sident de la R\u00e9publique Biographie du Pr\u00e9sident de la R\u00e9publique &nbsp; G\u00e9n\u00e9ral de Corps d&#8217;Arm\u00e9e Mamadi DOUMBOUYA &nbsp; Le G\u00e9n\u00e9ral Mamadi Doumbouya est n\u00e9 \u00e0 Kankan o\u00f9 il fait ses \u00e9tudes primaires (\u00e0 l\u2019\u00e9cole Drame Oumar). Stagiaire guin\u00e9en de &hellip;\" \/>\n<meta property=\"og:url\" content=\"https:\/\/sl.ambaguinee.org\/?page_id=5906\" \/>\n<meta property=\"og:site_name\" content=\"Ambassade de Guin\u00e9e en Sierra L\u00e9one\" \/>\n<meta property=\"article:publisher\" content=\"https:\/\/www.facebook.com\/ambaguiparis\" \/>\n<meta property=\"article:modified_time\" content=\"2024-02-10T17:26:29+00:00\" \/>\n<meta property=\"og:image\" content=\"https:\/\/sl.ambaguinee.org\/wp-content\/uploads\/2021\/05\/Palais.jpg\" \/>\n<meta name=\"twitter:card\" content=\"summary_large_image\" \/>\n<meta name=\"twitter:site\" content=\"@AmbaGnFrPtIl\" \/>\n<meta name=\"twitter:label1\" content=\"Dur\u00e9e de lecture estim\u00e9e\" \/>\n\t<meta name=\"twitter:data1\" content=\"5 minutes\" \/>\n<script type=\"application\/ld+json\" class=\"yoast-schema-graph\">{\"@context\":\"https:\/\/schema.org\",\"@graph\":[{\"@type\":\"WebPage\",\"@id\":\"https:\/\/sl.ambaguinee.org\/?page_id=5906\",\"url\":\"https:\/\/sl.ambaguinee.org\/?page_id=5906\",\"name\":\"LA PR\u00c9SIDENCE DE LA R\u00c9PUBLIQUE DE GUIN\u00c9E - Ambassade de Guin\u00e9e en Sierra L\u00e9one\",\"isPartOf\":{\"@id\":\"https:\/\/sl.ambaguinee.org\/#website\"},\"datePublished\":\"2021-05-01T21:22:28+00:00\",\"dateModified\":\"2024-02-10T17:26:29+00:00\",\"breadcrumb\":{\"@id\":\"https:\/\/sl.ambaguinee.org\/?page_id=5906#breadcrumb\"},\"inLanguage\":\"fr-FR\",\"potentialAction\":[{\"@type\":\"ReadAction\",\"target\":[\"https:\/\/sl.ambaguinee.org\/?page_id=5906\"]}]},{\"@type\":\"BreadcrumbList\",\"@id\":\"https:\/\/sl.ambaguinee.org\/?page_id=5906#breadcrumb\",\"itemListElement\":[{\"@type\":\"ListItem\",\"position\":1,\"name\":\"Accueil\",\"item\":\"https:\/\/sl.ambaguinee.org\/\"},{\"@type\":\"ListItem\",\"position\":2,\"name\":\"LA PR\u00c9SIDENCE DE LA R\u00c9PUBLIQUE DE GUIN\u00c9E\"}]},{\"@type\":\"WebSite\",\"@id\":\"https:\/\/sl.ambaguinee.org\/#website\",\"url\":\"https:\/\/sl.ambaguinee.org\/\",\"name\":\"Ambassade de Guin\u00e9e en Sierra L\u00e9one\",\"description\":\"Ambassade de Guin\u00e9e en Sierra L\u00e9one\",\"publisher\":{\"@id\":\"https:\/\/sl.ambaguinee.org\/#organization\"},\"potentialAction\":[{\"@type\":\"SearchAction\",\"target\":{\"@type\":\"EntryPoint\",\"urlTemplate\":\"https:\/\/sl.ambaguinee.org\/?s={search_term_string}\"},\"query-input\":\"required name=search_term_string\"}],\"inLanguage\":\"fr-FR\"},{\"@type\":\"Organization\",\"@id\":\"https:\/\/sl.ambaguinee.org\/#organization\",\"name\":\"Ambassade de la R\u00e9publique Guin\u00e9e en France\",\"url\":\"https:\/\/sl.ambaguinee.org\/\",\"logo\":{\"@type\":\"ImageObject\",\"inLanguage\":\"fr-FR\",\"@id\":\"https:\/\/sl.ambaguinee.org\/#\/schema\/logo\/image\/\",\"url\":\"https:\/\/sl.ambaguinee.org\/wp-content\/uploads\/2024\/06\/Logo-devise-Guinee-miniature.png\",\"contentUrl\":\"https:\/\/sl.ambaguinee.org\/wp-content\/uploads\/2024\/06\/Logo-devise-Guinee-miniature.png\",\"width\":170,\"height\":200,\"caption\":\"Ambassade de la R\u00e9publique Guin\u00e9e en France\"},\"image\":{\"@id\":\"https:\/\/sl.ambaguinee.org\/#\/schema\/logo\/image\/\"},\"sameAs\":[\"https:\/\/www.facebook.com\/ambaguiparis\",\"https:\/\/twitter.com\/AmbaGnFrPtIl\"]}]}<\/script>\n<!-- \/ Yoast SEO plugin. -->","yoast_head_json":{"title":"LA PR\u00c9SIDENCE DE LA R\u00c9PUBLIQUE DE GUIN\u00c9E - Ambassade de Guin\u00e9e en Sierra L\u00e9one","robots":{"index":"index","follow":"follow","max-snippet":"max-snippet:-1","max-image-preview":"max-image-preview:large","max-video-preview":"max-video-preview:-1"},"canonical":"https:\/\/sl.ambaguinee.org\/?page_id=5906","og_locale":"fr_FR","og_type":"article","og_title":"LA PR\u00c9SIDENCE DE LA R\u00c9PUBLIQUE DE GUIN\u00c9E - Ambassade de Guin\u00e9e en Sierra L\u00e9one","og_description":"Le Pr\u00e9sident de la R\u00e9publique Le cabinet de la Pr\u00e9sidence Le fonctionnement de la Pr\u00e9sidence Le Pr\u00e9sident de la R\u00e9publique Biographie du Pr\u00e9sident de la R\u00e9publique &nbsp; G\u00e9n\u00e9ral de Corps d&#8217;Arm\u00e9e Mamadi DOUMBOUYA &nbsp; Le G\u00e9n\u00e9ral Mamadi Doumbouya est n\u00e9 \u00e0 Kankan o\u00f9 il fait ses \u00e9tudes primaires (\u00e0 l\u2019\u00e9cole Drame Oumar). Stagiaire guin\u00e9en de &hellip;","og_url":"https:\/\/sl.ambaguinee.org\/?page_id=5906","og_site_name":"Ambassade de Guin\u00e9e en Sierra L\u00e9one","article_publisher":"https:\/\/www.facebook.com\/ambaguiparis","article_modified_time":"2024-02-10T17:26:29+00:00","og_image":[{"url":"https:\/\/sl.ambaguinee.org\/wp-content\/uploads\/2021\/05\/Palais.jpg"}],"twitter_card":"summary_large_image","twitter_site":"@AmbaGnFrPtIl","twitter_misc":{"Dur\u00e9e de lecture estim\u00e9e":"5 minutes"},"schema":{"@context":"https:\/\/schema.org","@graph":[{"@type":"WebPage","@id":"https:\/\/sl.ambaguinee.org\/?page_id=5906","url":"https:\/\/sl.ambaguinee.org\/?page_id=5906","name":"LA PR\u00c9SIDENCE DE LA R\u00c9PUBLIQUE DE GUIN\u00c9E - Ambassade de Guin\u00e9e en Sierra L\u00e9one","isPartOf":{"@id":"https:\/\/sl.ambaguinee.org\/#website"},"datePublished":"2021-05-01T21:22:28+00:00","dateModified":"2024-02-10T17:26:29+00:00","breadcrumb":{"@id":"https:\/\/sl.ambaguinee.org\/?page_id=5906#breadcrumb"},"inLanguage":"fr-FR","potentialAction":[{"@type":"ReadAction","target":["https:\/\/sl.ambaguinee.org\/?page_id=5906"]}]},{"@type":"BreadcrumbList","@id":"https:\/\/sl.ambaguinee.org\/?page_id=5906#breadcrumb","itemListElement":[{"@type":"ListItem","position":1,"name":"Accueil","item":"https:\/\/sl.ambaguinee.org\/"},{"@type":"ListItem","position":2,"name":"LA PR\u00c9SIDENCE DE LA R\u00c9PUBLIQUE DE GUIN\u00c9E"}]},{"@type":"WebSite","@id":"https:\/\/sl.ambaguinee.org\/#website","url":"https:\/\/sl.ambaguinee.org\/","name":"Ambassade de Guin\u00e9e en Sierra L\u00e9one","description":"Ambassade de Guin\u00e9e en Sierra L\u00e9one","publisher":{"@id":"https:\/\/sl.ambaguinee.org\/#organization"},"potentialAction":[{"@type":"SearchAction","target":{"@type":"EntryPoint","urlTemplate":"https:\/\/sl.ambaguinee.org\/?s={search_term_string}"},"query-input":"required name=search_term_string"}],"inLanguage":"fr-FR"},{"@type":"Organization","@id":"https:\/\/sl.ambaguinee.org\/#organization","name":"Ambassade de la R\u00e9publique Guin\u00e9e en France","url":"https:\/\/sl.ambaguinee.org\/","logo":{"@type":"ImageObject","inLanguage":"fr-FR","@id":"https:\/\/sl.ambaguinee.org\/#\/schema\/logo\/image\/","url":"https:\/\/sl.ambaguinee.org\/wp-content\/uploads\/2024\/06\/Logo-devise-Guinee-miniature.png","contentUrl":"https:\/\/sl.ambaguinee.org\/wp-content\/uploads\/2024\/06\/Logo-devise-Guinee-miniature.png","width":170,"height":200,"caption":"Ambassade de la R\u00e9publique Guin\u00e9e en France"},"image":{"@id":"https:\/\/sl.ambaguinee.org\/#\/schema\/logo\/image\/"},"sameAs":["https:\/\/www.facebook.com\/ambaguiparis","https:\/\/twitter.com\/AmbaGnFrPtIl"]}]}},"_links":{"self":[{"href":"https:\/\/sl.ambaguinee.org\/index.php?rest_route=\/wp\/v2\/pages\/5906","targetHints":{"allow":["GET"]}}],"collection":[{"href":"https:\/\/sl.ambaguinee.org\/index.php?rest_route=\/wp\/v2\/pages"}],"about":[{"href":"https:\/\/sl.ambaguinee.org\/index.php?rest_route=\/wp\/v2\/types\/page"}],"author":[{"embeddable":true,"href":"https:\/\/sl.ambaguinee.org\/index.php?rest_route=\/wp\/v2\/users\/1"}],"replies":[{"embeddable":true,"href":"https:\/\/sl.ambaguinee.org\/index.php?rest_route=%2Fwp%2Fv2%2Fcomments&post=5906"}],"version-history":[{"count":30,"href":"https:\/\/sl.ambaguinee.org\/index.php?rest_route=\/wp\/v2\/pages\/5906\/revisions"}],"predecessor-version":[{"id":98238,"href":"https:\/\/sl.ambaguinee.org\/index.php?rest_route=\/wp\/v2\/pages\/5906\/revisions\/98238"}],"wp:attachment":[{"href":"https:\/\/sl.ambaguinee.org\/index.php?rest_route=%2Fwp%2Fv2%2Fmedia&parent=5906"}],"curies":[{"name":"wp","href":"https:\/\/api.w.org\/{rel}","templated":true}]}}